{"id":50,"date":"2019-05-22T14:54:05","date_gmt":"2019-05-22T12:54:05","guid":{"rendered":"http:\/\/ecole-saintroch.com\/?page_id=50"},"modified":"2020-12-04T13:36:40","modified_gmt":"2020-12-04T12:36:40","slug":"garderie","status":"publish","type":"page","link":"https:\/\/ecole-saintroch.com\/index.php\/garderie\/","title":{"rendered":"La garderie"},"content":{"rendered":"\n<h1>La garderie<\/h1>\n\n\n\n<p><br>La garderie ouvre ses portes le matin \u00e0 7 h 35. <\/p>\n\n\n\n<p>L&rsquo;\u00e9cole peut accompagner la journ\u00e9e de vos enfants jusqu&rsquo;\u00e0 18 h 15. Un go\u00fbter est distribu\u00e9 \u00e0 vos enfants.<\/p>\n\n\n\n<p><\/p>\n\n\n\n<p>Maternelles et les primaires b\u00e9n\u00e9ficient d&rsquo;espaces s\u00e9par\u00e9s pour la garderie.<\/p>\n\n\n\n<p>Aux beaux jours, les enfants jouent dans la cour. Tricycles, trottinettes, cerceaux, ballons sont mis \u00e0 leur disposition ! En projet pour 2021 : un billodrome !<\/p>\n\n\n\n<p>Les enfants qui le souhaitent peuvent faire leurs devoirs.<\/p>\n\n\n\n<p>En hiver, les enfants de maternelles jouent en int\u00e9rieur.<\/p>\n","protected":false},"excerpt":{"rendered":"<p>La garderie La garderie ouvre ses portes le matin \u00e0 7 h 35. L&rsquo;\u00e9cole peut accompagner la journ\u00e9e de vos enfants jusqu&rsquo;\u00e0 18 h 15. Un go\u00fbter est distribu\u00e9 \u00e0 vos enfants. Maternelles et les primaires b\u00e9n\u00e9ficient d&rsquo;espaces s\u00e9par\u00e9s pour la garderie. Aux beaux jours, les enfants jouent dans la cour. Tricycles, trottinettes, cerceaux, ballons [&hellip;]<\/p>\n","protected":false},"author":1,"featured_media":412,"parent":0,"menu_order":0,"comment_status":"closed","ping_status":"closed","template":"","meta":[],"_links":{"self":[{"href":"https:\/\/ecole-saintroch.com\/index.php\/wp-json\/wp\/v2\/pages\/50"}],"collection":[{"href":"https:\/\/ecole-saintroch.com\/index.php\/wp-json\/wp\/v2\/pages"}],"about":[{"href":"https:\/\/ecole-saintroch.com\/index.php\/wp-json\/wp\/v2\/types\/page"}],"author":[{"embeddable":true,"href":"https:\/\/ecole-saintroch.com\/index.php\/wp-json\/wp\/v2\/users\/1"}],"replies":[{"embeddable":true,"href":"https:\/\/ecole-saintroch.com\/index.php\/wp-json\/wp\/v2\/comments?post=50"}],"version-history":[{"count":9,"href":"https:\/\/ecole-saintroch.com\/index.php\/wp-json\/wp\/v2\/pages\/50\/revisions"}],"predecessor-version":[{"id":416,"href":"https:\/\/ecole-saintroch.com\/index.php\/wp-json\/wp\/v2\/pages\/50\/revisions\/416"}],"wp:featuredmedia":[{"embeddable":true,"href":"https:\/\/ecole-saintroch.com\/index.php\/wp-json\/wp\/v2\/media\/412"}],"wp:attachment":[{"href":"https:\/\/ecole-saintroch.com\/index.php\/wp-json\/wp\/v2\/media?parent=50"}],"curies":[{"name":"wp","href":"https:\/\/api.w.org\/{rel}","templated":true}]}}

<h1>La garderie</h1>



<p><br>La garderie ouvre ses portes le matin à 7 h 35. </p>



<p>L&rsquo;école peut accompagner la journée de vos enfants jusqu&rsquo;à 18 h 15. Un goûter est distribué à vos enfants.</p>



<p></p>



<p>Maternelles et les primaires bénéficient d&rsquo;espaces séparés pour la garderie.</p>



<p>Aux beaux jours, les enfants jouent dans la cour. Tricycles, trottinettes, cerceaux, ballons sont mis à leur disposition ! En projet pour 2021 : un billodrome !</p>



<p>Les enfants qui le souhaitent peuvent faire leurs devoirs.</p>



<p>En hiver, les enfants de maternelles jouent en intérieur.</p>

<p>La garderie La garderie ouvre ses portes le matin à 7 h 35. L&rsquo;école peut accompagner la journée de vos enfants jusqu&rsquo;à 18 h 15. Un goûter est distribué à vos enfants. Maternelles et les primaires bénéficient d&rsquo;espaces séparés pour la garderie. Aux beaux jours, les enfants jouent dans la cour. Tricycles, trottinettes, cerceaux, ballons [&hellip;]</p>
